{"id":90,"date":"2025-08-16T07:59:16","date_gmt":"2025-08-16T07:59:16","guid":{"rendered":"https:\/\/assistanshundar.com\/?page_id=90"},"modified":"2026-03-15T17:05:34","modified_gmt":"2026-03-15T17:05:34","slug":"om-foreningen","status":"publish","type":"page","link":"https:\/\/assistanshundar.com\/index.php\/om-foreningen\/","title":{"rendered":"Om f\u00f6reningen"},"content":{"rendered":"\n<p>Vi \u00e4r en nygrundad f\u00f6rening med syfte att \u00f6ka kunskapen kring och tillg\u00e5ngen av assistanshundar f\u00f6r personer med funktionsneds\u00e4ttning och sociala tj\u00e4nstehundar p\u00e5 \u00c5land.<\/p>\n\n\n\n<p>Vi planerar d\u00e4rf\u00f6r att ordna medlemstr\u00e4ffar, tr\u00e4ningstillf\u00e4llen, f\u00f6rel\u00e4sningar och bevakar fr\u00e5gor som ber\u00f6r f\u00f6reningens verksamhet. <\/p>\n\n\n\n<p>F\u00f6r att kunna bli en aktiv f\u00f6rening beh\u00f6ver vi medlemmar. Medlemsavgiften \u00e4r satt f\u00f6r 2025 till 10 \u20ac f\u00f6r unga i \u00e5ldern 0-21 \u00e5r, samt f\u00f6r pension\u00e4rer (invalid-, sjuk-, \u00e5lderspension\u00e4rer o.s.v). \u00d6vriga 20 \u20ac. Ut\u00f6ver medlemsavgiften, kommer f\u00f6reningen att s\u00f6ka bidrag f\u00f6r att finansiera verksamheten. <\/p>\n\n\n\n<p>Innan slutet av november kommer f\u00f6reningen att h\u00e5lla h\u00f6stm\u00f6te och d\u00e5 v\u00e4ljs en ny styrelse f\u00f6r 2026. Vi tar tacksamt emot nya styrelsemedlemmar som vill vara med och utveckla f\u00f6reningen! Maila ditt intresse till <a href=\"mailto:styrelse@assistanshundar.com\">styrelse@assistanshundar.com<\/a>!<\/p>\n\n\n\n<h2 class=\"wp-block-heading\">Styrelsen<\/h2>\n\n\n\n<p>Styrelsen best\u00e5r idag av:<br>Miina Fagerlund, ordf\u00f6rande<br>vakant, vice ordf\u00f6rande<br>vakant, sekreterare<br>Tilda Backman, styrelsemedlem<br>Johannes Andersson, suppleant<br>Petra Heinonen, suppleant<\/p>\n\n\n\n<p>Du n\u00e5r styrelsen per epost p\u00e5 <a href=\"mailto:styrelse@assistanshundar.com\">styrelse@assistanshundar.com<\/a> och kass\u00f6ren p\u00e5 <a href=\"mailto:kassor@assistanshundar.com\">kassor@assistanshundar.com<\/a>. <\/p>\n\n\n\n<p>Klicka p\u00e5 l\u00e4nken f\u00f6r att komma till <a href=\"https:\/\/assistanshundar.com\/index.php\/om-foreningen\/stadgar\/\" data-type=\"page\" data-id=\"92\">f\u00f6reningens stadgar<\/a>.<\/p>\n\n\n\n<h2 class=\"wp-block-heading\">Medlemsrabatter<\/h2>\n\n\n\n<p>Just nu h\u00e5ller styrelsen p\u00e5 att skapa medlemsrabatter. Sidan uppdateras s\u00e5 snart vi hittat samarbetspartners.<\/p>\n\n\n\n<div class=\"wp-block-columns is-layout-flex wp-container-core-columns-is-layout-28f84493 wp-block-columns-is-layout-flex\">\n<div class=\"wp-block-column is-layout-flow wp-block-column-is-layout-flow\" style=\"flex-basis:100%\">\n\n\n\n<\/div>\n<\/div>\n","protected":false},"excerpt":{"rendered":"<p>Vi \u00e4r en nygrundad f\u00f6rening med syfte att \u00f6ka kunskapen kring och tillg\u00e5ngen av assistanshundar f\u00f6r personer med funktionsneds\u00e4ttning och sociala tj\u00e4nstehundar p\u00e5 \u00c5land. Vi planerar d\u00e4rf\u00f6r att ordna medlemstr\u00e4ffar, tr\u00e4ningstillf\u00e4llen, f\u00f6rel\u00e4sningar och bevakar fr\u00e5gor som ber\u00f6r f\u00f6reningens verksamhet. F\u00f6r att kunna bli en aktiv f\u00f6rening beh\u00f6ver vi medlemmar. Medlemsavgiften \u00e4r satt f\u00f6r 2025 till [&hellip;]<\/p>\n","protected":false},"author":1,"featured_media":0,"parent":0,"menu_order":0,"comment_status":"closed","ping_status":"closed","template":"","meta":{"saved_in_kubio":true,"footnotes":""},"class_list":["post-90","page","type-page","status-publish","hentry"],"kubio_ai_page_context":{"short_desc":"","purpose":"general"},"jetpack_sharing_enabled":true,"_links":{"self":[{"href":"https:\/\/assistanshundar.com\/index.php\/wp-json\/wp\/v2\/pages\/90","targetHints":{"allow":["GET"]}}],"collection":[{"href":"https:\/\/assistanshundar.com\/index.php\/wp-json\/wp\/v2\/pages"}],"about":[{"href":"https:\/\/assistanshundar.com\/index.php\/wp-json\/wp\/v2\/types\/page"}],"author":[{"embeddable":true,"href":"https:\/\/assistanshundar.com\/index.php\/wp-json\/wp\/v2\/users\/1"}],"replies":[{"embeddable":true,"href":"https:\/\/assistanshundar.com\/index.php\/wp-json\/wp\/v2\/comments?post=90"}],"version-history":[{"count":13,"href":"https:\/\/assistanshundar.com\/index.php\/wp-json\/wp\/v2\/pages\/90\/revisions"}],"predecessor-version":[{"id":188,"href":"https:\/\/assistanshundar.com\/index.php\/wp-json\/wp\/v2\/pages\/90\/revisions\/188"}],"wp:attachment":[{"href":"https:\/\/assistanshundar.com\/index.php\/wp-json\/wp\/v2\/media?parent=90"}],"curies":[{"name":"wp","href":"https:\/\/api.w.org\/{rel}","templated":true}]}}